0299342?
True
Is 1912860794 a multiple of 12?
False
Is 29770692 a multiple of 154?
False
Does 16 divide 1957728?
True
Is 49951298 a multiple of 159?
False
Is 273528282 a multiple of 24?
False
Is 3908466978 a multiple of 26?
True
Is 17 a factor of 52547884?
True
Is 1049 a factor of 1124584121?
False
Is 265250356 a multiple of 406?
True
Is 26921895 a multiple of 1573?
True
Does 14 divide 29336870?
False
Is 9 a factor of 280131573?
False
Is 86033948 a multiple of 286?
True
Does 14 divide 507344838?
True
Is 93 a factor of 225902301?
True
Is 58807656 a multiple of 1997?
True
Is 237100 a multiple of 13?
False
Is 269 a factor of 86177378?
True
Does 6 divide 24815916?
True
Is 1154373030 a multiple of 1341?
True
Is 289337499 a multiple of 33?
True
Is 4 a factor of 2326524?
True
Is 1001 a factor of 107189221?
False
Is 924 a factor of 83616907?
False
Is 146 a factor of 661869117?
False
Is 1235774431 a multiple of 37?
False
Is 10 a factor of 118834045?
False
Is 3242047788 a multiple of 9?
True
Does 494 divide 42676166?
True
Is 88 a factor of 233798004?
False
Does 414 divide 10103575?
False
Is 2 a factor of 3206005?
False
Is 39 a factor of 2228517202?
False
Does 640 divide 2291343827?
False
Does 4 divide 10291221?
False
Is 1578 a factor of 10376055?
False
Is 855533252 a multiple of 1852?
True
Is 21 a factor of 96440508?
False
Is 34475709 a multiple of 270?
False
Does 734 divide 1159052095?
False
Does 15 divide 245387338?
False
Is 43116871 a multiple of 78?
False
Does 354 divide 3395244786?
False
Is 14 a factor of 57887097?
False
Is 48853562 a multiple of 185?
False
Is 17310510 a multiple of 3483?
True
Is 9 a factor of 1184812380?
True
Is 412775620 a multiple of 3318?
False
Is 18585258 a multiple of 13?
False
Does 197 divide 32371434?
True
Does 1419 divide 4455621687?
True
Is 650 a factor of 101813343?
False
Is 59693838 even?
True
Does 1211 divide 64310155?
True
Is 5937 a factor of 1407074937?
True
Does 4361 divide 144575872?
True
Is 69 a factor of 7931343?
True
Is 2 a factor of 7247928?
True
Does 217 divide 5803911?
False
Is 6 a factor of 412835226?
True
Is 36 a factor of 744482340?
True
Does 67 divide 201880246?
True
Is 41168258 a multiple of 326?
True
Is 3716 a factor of 91349582?
False
Is 11729688 a multiple of 228?
True
Is 629 a factor of 221989425?
False
Is 60216336 a multiple of 12?
True
Is 47 a factor of 2421722?
True
Is 5 a factor of 45092375?
True
Is 1638836706 a multiple of 277?
True
Does 13 divide 33403602?
False
Is 2544 a factor of 77152585?
False
Does 10 divide 765235433?
False
Is 509 a factor of 151025787?
False
Does 218 divide 41790778?
False
Does 12 divide 1188097200?
True
Does 72 divide 11812536?
True
Is 27 a factor of 1006775546?
False
Is 2 a factor of 128006378?
True
Is 15457638 a multiple of 87?
True
Is 70419130 a multiple of 22?
False
Is 975665805 a multiple of 3467?
True
Is 510 a factor of 19537445?
False
Is 400700316 a multiple of 172?
True
Is 19660350 a multiple of 15?
True
Does 27 divide 841513110?
False
Is 102 a factor of 9556176?
True
Does 24 divide 90520828?
False
Does 176 divide 339426339?
False
Does 8 divide 190290?
False
Is 201 a factor of 214824981?
True
Is 287 a factor of 721775439?
True
Is 1616820418 a multiple of 8025?
False
Is 320526734 a multiple of 2389?
False
Is 324 a factor of 142559876?
False
Does 158 divide 9940738?
False
Is 725 a factor of 87021881?
False
Does 9 divide 56008393?
False
Does 423 divide 282905079?
False
Is 1915611780 a multiple of 10360?
False
Is 26843477 a multiple of 1959?
False
Does 452 divide 6103808?
True
Is 415 a factor of 255963729?
False
Does 908 divide 221041704?
True
Does 152 divide 409181112?
True
Does 163 divide 1514727273?
False
Is 828779280 a multiple of 168?
True
Does 6687 divide 1608818667?
False
Is 219955 a multiple of 4?
False
Does 7 divide 61096196?
True
Is 917678061 a multiple of 446?
False
Does 96 divide 95104224?
True
Is 9651074 a multiple of 4?
False
Is 1098098191 a multiple of 5179?
True
Is 157 a factor of 7850721?
False
Is 43539496 a multiple of 1144?
True
Is 167880743 a multiple of 351?
False
Is 544513676 a multiple of 985?
False
Is 18 a factor of 84406891?
False
Is 5 a factor of 21451570?
True
Is 140638367 a multiple of 61?
True
Does 2 divide 201012379?
False
Does 330 divide 168793919?
False
Is 2206602393 a multiple of 83?
True
Is 1073989 a multiple of 180?
False
Is 6179823 a multiple of 2231?
False
Is 1150 a factor of 269208492?
False
Is 529 a factor of 10909038?
True
Is 5662 a factor of 3114177769?
False
Is 110030710 a multiple of 29?
False
Is 366 a factor of 158103686?
False
Does 10 divide 18803150?
True
Does 111 divide 124521687?
True
Is 2056 a factor of 2112542056?
True
Does 14 divide 34791596?
True
Is 7061676 a multiple of 123?
True
Does 68 divide 324069164?
True
Is 1557324450 a multiple of 1815?
True
Is 30344919 a multiple of 228?
False
Does 32 divide 331201888?
True
Does 338 divide 14510974?
False
Is 148 a factor of 2255549784?
False
Does 11 divide 39194920?
False
Is 328117532 a multiple of 95?
False
Is 2024040 a multiple of 1212?
True
Is 1610 a factor of 967527146?
False
Is 103572480 a multiple of 660?
True
Is 974116895 a multiple of 20?
False
Does 1391 divide 821934629?
False
Is 92 a factor of 50782160?
True
Does 387 divide 74312127?
True
Is 35558321 a multiple of 29?
True
Is 4 a factor of 66050816?
True
Does 1821 divide 77008269?
True
Is 43 a factor of 778601301?
True
Is 22 a factor of 33233266?
True
Is 314707 a multiple of 5?
False
Is 7282 a factor of 2635690772?
True
Does 65 divide 65170502?
False
Does 109 divide 257428570?
True
Is 22395865 a multiple of 11?
False
Is 1145 a factor of 1341867865?
True
Is 276 a factor of 9299820?
True
Is 265 a factor of 1105274807?
False
Is 3061440697 a multiple of 122?
False
Is 8 a factor of 301568?
True
Does 2586 divide 125320146?
True
Is 231 a factor of 99105930?
True
Is 312432138 a multiple of 522?
True
Is 67980500 a multiple of 700?
True
Does 23 divide 2683433197?
False
Does 3299 divide 37348406?
False
Is 2604 a factor of 91202496?
True
Does 365 divide 560531960?
True
Does 2240 divide 5978560?
True
Is 326449169 a multiple of 396?
False
Is 153 a factor of 282761761?
False
Is 334816740 a multiple of 12?
True
Is 4 a factor of 120701010?
False
Is 1425884334 a multiple of 53?
True
Is 114 a factor of 122137662?
True
Is 103 a factor of 1082459857?
True
Does 12 divide 69381402?
False
Is 2098417 even?
False
Does 5 divide 237894541?
False
Is 357 a factor of 45481800?
True
Is 212 a factor of 66402688?
False
Does 15 divide 27931005?
True
Is 87 a factor of 2310492060?
True
Does 52 divide 69820694?
False
Is 194327995 a multiple of 4985?
False
Is 91266887 a multiple of 659?
True
Is 2599049541 a multiple of 11?
True
Is 422804064 a multiple of 48?
True
Is 16 a factor of 9500256?
True
Is 627 a factor of 8324793?
False
Is 1054 a factor of 1531279310?
False
Does 36 divide 432641650?
False
Is 6711 a factor of 740377831?
False
Is 50 a factor of 325886850?
True
Is 860893219 a multiple of 5?
False
Is 60 a factor of 165215100?
True
Is 69195038 a multiple of 31?
True
Is 14957636 a multiple of 989?
True
Is 692830570 a multiple of 1273?
False
Is 20 a factor of 2998436760?
True
Is 47782880 a multiple of 20?
True
Does 99 divide 21370338?
True
Is 24 a factor of 7129000?
False
Does 6 divide 325349305?
False
Is 4408 a factor of 360863378?
False
Is 82 a factor of 44795639?
False
Does 318 divide 69173586?
True
Is 554 a factor of 168280270?
True
Does 65 divide 784491?
False
Is 302211648 a multiple of 873?
True
Is 5730211272 a multiple of 1292?
False
Is 392433830 a multiple of 20?
False
Does 16 divide 10817298?
False
Does 352 divide 545175840?
True
Does 198 divide 11546568?
True
Is 26 a factor of 30391654?
False
Is 409 a factor of 43974618?
False
Does 56 divide 17744686?
False
Is 704893227 a multiple of 303?
False
Does 444 divide 3048630540?
True
Is 23 a factor of 41580140?
False
Does 27 divide 150728688?
True
Is 547 a factor of 1644589414?
True
Is 7 a factor of 7141307?
False
Is 72518828 a multiple of 482?
True
Is 116 a factor of 7724275?
False
Is 144 a factor of 7810704?
True
Is 28 a factor of 140386734?
False
Does 22 divide 478239861?
False
Is 15 a factor of 45690750?
True
Does 11 divide 5468194?
False
Is 5 a factor of 14627190?
True
Is 558661424 a mult